 242 and 11?
11
Calculate the highest common divisor of 166 and 581.
83
What is the highest common divisor of 29 and 6931?
29
What is the highest common factor of 143 and 13?
13
What is the highest common factor of 536 and 8?
8
What is the highest common divisor of 180 and 585?
45
What is the highest common divisor of 1291 and 1?
1
What is the highest common factor of 81 and 87?
3
What is the highest common divisor of 30 and 1920?
30
What is the highest common divisor of 6 and 1101?
3
What is the highest common factor of 35 and 5215?
35
What is the greatest common factor of 19 and 893?
19
Calculate the highest common factor of 962 and 65.
13
What is the highest common factor of 570 and 90?
30
Calculate the greatest common divisor of 19479 and 129.
129
Calculate the highest common divisor of 650 and 50.
50
What is the highest common divisor of 6 and 159?
3
What is the highest common divisor of 2450 and 28?
14
What is the highest common factor of 64 and 320?
64
Calculate the greatest common factor of 36 and 405.
9
Calculate the greatest common divisor of 35 and 1015.
35
Calculate the highest common factor of 1323 and 27.
27
Calculate the highest common factor of 81 and 189.
27
Calculate the greatest common factor of 66 and 33.
33
What is the greatest common divisor of 2198 and 14?
14
What is the greatest common factor of 30 and 660?
30
What is the highest common divisor of 30 and 1925?
5
Calculate the greatest common factor of 93 and 1209.
93
What is the highest common divisor of 1524 and 12?
12
Calculate the highest common factor of 351 and 2700.
27
What is the highest common factor of 17 and 544?
17
What is the greatest common factor of 1127 and 322?
161
What is the highest common factor of 234 and 3?
3
Calculate the highest common factor of 8 and 512.
8
What is the greatest common divisor of 4235 and 308?
77
Calculate the greatest common divisor of 574 and 42.
14
Calculate the greatest common factor of 35 and 26635.
35
What is the highest common divisor of 24 and 4056?
24
What is the greatest common factor of 2640 and 48?
48
What is the highest common divisor of 17476 and 68?
68
Calculate the greatest common divisor of 44 and 671.
11
What is the greatest common divisor of 55 and 319?
11
Calculate the highest common divisor of 616 and 22.
22
What is the greatest common factor of 8249 and 339?
113
What is the highest common factor of 80 and 90?
10
What is the highest common factor of 7622 and 74?
74
Calculate the greatest common factor of 1313 and 65.
13
Calculate the greatest common factor of 77 and 44.
11
Calculate the highest common divisor of 450 and 4250.
50
What is the greatest common factor of 24 and 4512?
24
What is the greatest common divisor of 232 and 841?
29
Calculate the highest common factor of 80 and 130.
10
Calculate the greatest common divisor of 82 and 1394.
82
Calculate the greatest common divisor of 112 and 1988.
28
Calculate the highest common divisor of 156 and 702.
78
What is the greatest common divisor of 32 and 64?
32
What is the highest common divisor of 60 and 2460?
60
What is the greatest common divisor of 162 and 135?
27
Calculate the greatest common factor of 8144 and 32.
16
What is the greatest common factor of 2 and 3?
1
What is the greatest common factor of 240 and 150?
30
What is the highest common factor of 88 and 35200?
88
Calculate the highest common factor of 30 and 48.
6
What is the greatest common divisor of 288 and 126?
18
What is the highest common divisor of 44 and 242?
22
What is the greatest common divisor of 15606 and 54?
54
What is the highest common factor of 48 and 272?
16
What is the greatest common divisor of 214 and 2782?
214
What is the greatest common divisor of 529 and 161?
23
What is the greatest common factor of 1814 and 6?
2
Calculate the greatest common divisor of 515 and 1442.
103
What is the greatest common divisor of 10 and 25?
5
What is the highest common divisor of 4747 and 376?
47
Calculate the highest common divisor of 456 and 48.
24
What is the greatest common factor of 1485 and 2574?
99
Calculate the greatest common factor of 138 and 5014.
46
Calculate the greatest common factor of 645 and 150.
15
What is the highest common divisor of 114 and 6?
6
Calculate the highest common divisor of 632 and 8.
8
Calculate the greatest common divisor of 962 and 143.
13
Calculate the highest common divisor of 1056 and 66.
66
Calculate the highest common factor of 18 and 4.
2
Calculate the highest common divisor of 25 and 195.
5
What is the highest common factor of 38 and 4?
2
Calculate the greatest common divisor of 247 and 931.
19
Calculate the highest common factor of 83164 and 68.
68
Calculate the greatest common divisor of 11691 and 324.
27
What is the greatest common factor of 2352 and 14?
14
Calculate the greatest common divisor of 3129 and 168.
21
What is the greatest common factor of 36 and 10242?
18
What is the greatest common divisor of 1872 and 3978?
234
What is the greatest common factor of 729 and 27?
27
What is the greatest common factor of 5494 and 67?
67
What is the greatest common factor of 80 and 304?
16
What is the greatest common divisor of 2672 and 16?
16
What is the greatest common divisor of 54 and 1872?
18
What is the highest common divisor of 2810 and 10?
10
Calculate the highest common divisor of 559 and 13.
13
Calculate the highest common factor of 36912 and 120.
24
Calculate the highest common divisor of 22 and 198.
22
Calculate the highest common divisor of 4 and 69.
1
Calculate the highest common factor of 50 and 22.
2
Calculate the highest common factor of 120 and 96.
24
Calculate the greatest common divisor of 91 and 104.
13
What is the highest common divisor of 12 and 12?
12
Calculate the greatest common divisor of 45 and 24555.
15
What is the greatest common factor of 2419 and 533?
41
What is the greatest common factor of 90 and 22590?
90
Calculate the highest common factor of 57 and 285.
57
Calculate the greatest common divisor of 70 and 140.
70
What is the highest common divisor of 5 and 485?
5
Calculate the highest common divisor of 42 and 84.
42
What is the greatest common factor of 20 and 55?
5
Calculate the greatest common divisor of 11 and 11.
11
What is the highest common factor of 36 and 927?
9
Calculate the greatest common divisor of 111 and 481.
37
What is the greatest common factor of 3 and 1857?
3
What is the highest common divisor of 125 and 100?
25
What is the greatest common divisor of 18 and 3474?
18
Calculate the greatest common factor of 1720 and 120.
40
Calculate the highest common factor of 88 and 396.
44
Calculate the greatest common divisor of 35752 and 328.
328
Calculate the greatest common factor of 2709 and 2408.
301
What is the highest common divisor of 280 and 112?
56
What is the highest common factor of 71 and 213?
71
Calculate the highest common factor of 594 and 1998.
54
What is the greatest common divisor of 112 and 24976?
112
What is the greatest common divisor of 1701 and 16443?
567
Calculate the greatest common factor of 168 and 1659.
21
Calculate the highest common factor of 45 and 480.
15
Calculate the highest common divisor of 112 and 1624.
56
What is the highest common factor of 5 and 1835?
5
Calculate the highest common factor of 75 and 675.
75
Calculate the greatest common factor of 598 and 46.
46
Calculate the highest common divisor of 1920 and 105.
15
What is the greatest common divisor of 2 and 58?
2
What is the greatest common divisor of 15 and 30?
15
Calculate the greatest common divisor of 4 and 5748.
4
What is the greatest common factor of 47 and 173?
1
What is the highest common factor of 36 and 288?
36
Calculate the highest common factor of 341 and 155.
31
What is the greatest common factor of 36 and 1359?
9
Calculate the highest common factor of 130 and 26715.
65
What is the greatest common divisor of 406 and 8323?
203
What is the highest common factor of 30 and 480?
30
What is the greatest common factor of 145 and 8845?
145
What is the highest common factor of 1258 and 74?
74
Calculate the greatest common divisor of 6 and 12.
6
Calculate the highest common divisor of 15 and 5305.
5
Calculate the highest common divisor of 11 and 3.
1
Calculate the highest common factor of 1390 and 10.
10
Calculate the gr